x**3 + x**2 - x + 1. Let i be (8/(-14))/(6/(-21)). Let n be s(i). Calculate the highest common factor of n and 209.
19
Suppose -6392 - 10660 = -12*s. What is the greatest common factor of 29 and s?
29
Suppose -2*v = -w - 2, 5*w - 3*v - 11 = -0*v. Suppose -k = w, -5*f + 6*f - 42 = 4*k. What is the highest common divisor of 78 and f?
26
Let o(j) = -2*j**2 + 28*j + 11. Let p be o(14). Suppose -5*k - 78 = -p*k. What is the greatest common divisor of 26 and k?
13
Let h be 33/22*(-3)/((-6)/8). Suppose -h*m - 2 = -2*i - 2*m, -i = m - 16. Calculate the greatest common divisor of 11 and i.
11
Suppose 244 = l + 2*q, 0*q = l + q - 239. What is the highest common divisor of l and 52?
26
Let v = -18 + 19. Let l be (v + 9)*(-132)/(-15). What is the highest common divisor of 11 and l?
11
Let j = 18 - -3. Let n = -9 + j. Suppose f - 6*f - 38 = -p, -5*p + 238 = -f. What is the greatest common divisor of n and p?
12
Suppose -7*f + 304 = -200. What is the highest common divisor of f and 252?
36
Suppose 23*y - 6220 = -355. Calculate the greatest common factor of y and 30.
15
Let w = -25 + 18. Let d = w + 13. Suppose 115 = d*p + 25. What is the highest common factor of 45 and p?
15
Suppose 18 = q - 3*n - 2*n, 5*q + 5*n = 0. Suppose -5*t - 2*i + 69 = 0, q*t - t + 2*i = 24. Calculate the highest common divisor of t and 60.
15
Suppose 23 = 5*j - 2. Let r(v) = -v**3 + 6*v**2 - 2*v - 5. Let n be r(j). Calculate the highest common factor of 5 and n.
5
Suppose 5*o = 2*o + 753. Suppose 0 = 2*i - 1 - o. What is the greatest common factor of 18 and i?
18
Suppose -21*i = -17*i - 100. Let v be (-4)/14 + (-877)/(-7). Calculate the greatest common divisor of i and v.
25
Suppose 3*a = a + 84. Let u(b) = b**3 - 12*b**2 + 16*b - 57. Let x be u(11). Let y be (-45)/x*(96/9 + -6). What is the highest common divisor of y and a?
21
Let f(k) = k**2 - 10*k - 9. Let x(c) = -c**2 + 10*c + 8. Let s(t) = 4*f(t) + 3*x(t). Let d be s(13). What is the greatest common factor of d and 9?
9
Suppose q = 3*q + 4*p + 8, 0 = 5*q + 5*p. Suppose q*v - 320 = -0*v. What is the highest common divisor of 16 and v?
16
Let y be ((2/6)/((-28)/336))/((-4)/13). Let a = 65 - 104. Let d be (1 + -9)*a/6. What is the highest common factor of d and y?
13
Let m be (-9)/1*(22 - 12 - 11). Calculate the greatest common divisor of 1737 and m.
9
Suppose i = 4*i + 3, 4*r + 4*i - 44 = 0. What is the highest common factor of r and 276?
12
Let f = -229 + 154. Let s = f - -86. What is the highest common factor of s and 88?
11
Let l = -15 + -4. Let u be 0 - l - (8 + 1 + -7). Calculate the greatest common factor of u and 17.
17
Let q(v) = -5*v**3 - 3*v**2 - 6*v - 7. Let i = 10 + -12. Let k be q(i). Calculate the greatest common divisor of k and 231.
33
Let a = -10387 - -10408. Let n be (3/2)/((-6)/(-56)). What is the highest common factor of a and n?
7
Suppose -5*k + 5*f + 4817 = 1137, -4*k + 3*f + 2944 = 0. Calculate the greatest common divisor of 23 and k.
23
Suppose 5*x + 37 = 4*h, 2 + 6 = -4*h - 4*x. Let w = -49 - -85. What is the highest common factor of h and w?
3
Let h be 7/3*((-6)/(-6) - -2). Calculate the highest common divisor of 63 and h.
7
Let q(v) = v**3 + 6*v**2 - 5*v. Let m be q(-5). Suppose 5*k - 11 - 34 = 0. Suppose -27*g = -k*g - 360. Calculate the highest common factor of m and g.
10
Let s(b) = -b**3 + 3*b**2 + 6*b - 8. Let r be s(4). Suppose r*u = 4*u - 156. Calculate the greatest common factor of 13 and u.
13
Suppose -4*d - 63 = m, -d = -4*m + m + 6. Let p = 4 + d. Let j = p + 15. What is the highest common divisor of 12 and j?
4
Let o be ((-26)/8 + 1)*(-32)/6. Let y be (-220)/(-7) - o/(-21). What is the greatest common factor of y and 128?
32
Let s(u) = -u**2 - 2*u + 2. Let r be s(-5). Let d = -3 - r. Suppose 6*g = 5*g + d. Calculate the greatest common factor of 10 and g.
10
Let f be (-3 - (-5 - -3))*0. Suppose -4*r + f*r - 72 = 0. Let v be (-662)/(-12) + 3/r. Calculate the greatest common factor of 11 and v.
11
Let i(p) = 3*p - 1. Let q be i(1). Let m(r) = 13*r - r**q - 2*r + 4*r**2 + 18 - 2*r**2. Let n be m(13). What is the highest common factor of n and 30?
30
Let o be 5*-3*(-2944)/120. What is the greatest common divisor of 16 and o?
16
Suppose 4*b - 3*w = 120, 2*w + 98 = 4*b - 18. Calculate the highest common divisor of 387 and b.
9
Let u be (0/2)/(-1) + 1 - -77. What is the greatest common factor of 130 and u?
26
Let h be 1/(-4) + (-360)/(-32). Let z = h - 8. Suppose 52 + 155 = z*r. What is the highest common factor of 46 and r?
23
Let z = -912 + 1032. What is the highest common factor of z and 60?
60
Let f be (288/6)/((-2)/(-15)). Suppose 1362 - f = 3*t. Let a = 488 - t. Calculate the highest common divisor of a and 22.
22
Suppose 2*a + 55 = 3. Let l = 31 + a. Calculate the greatest common factor of l and 5.
5
Let a = 19 - -3. Suppose 2*s - a = s. Let d(t) = 2*t + 29. Let j be d(-9). What is the greatest common divisor of s and j?
11
Suppose -18928 = -54*c - 4186. What is the greatest common divisor of c and 13?
13
Let p = 161 - -253. What is the highest common factor of p and 36?
18
Let n = 16 + -11. Suppose n*h - 12 = h. Let o be -2 - -4 - (0 + -1). Calculate the highest common factor of o and h.
3
Suppose 15*a = 11*a - 8. Let u be (204/(-36))/(a/6). Calculate the highest common divisor of 119 and u.
17
Suppose y + 9 = 34. Suppose -110 = -y*i + 20*i. Calculate the highest common factor of i and 132.
22
Suppose -235*z + 512 = -231*z. Calculate the greatest common factor of z and 8.
8
Let x = -675 + 696. Calculate the greatest common factor of x and 189.
21
Let r be ((-15)/20)/(1/(-4)). Let h be (-2)/(3*r/36). Let b be (-1 + (-76)/h)*2. What is the greatest common divisor of b and 34?
17
Suppose -3 = q, 5*f + 72 = f + 4*q. Let a = f - -23. What is the highest common factor of a and 26?
2
Let z(w) = w**3 + w**2 + 5*w + 437. Let d be z(0). What is the highest common factor of 19 and d?
19
Let l = -221 + 256. Calculate the greatest common divisor of l and 14.
7
Suppose 2*x + 0*x = 216. Suppose -4*a = -2*y + 182, -5*y - 4*a = -0*y - 441. Suppose -46 = -5*t + y. Calculate the highest common divisor of x and t.
27
Suppose q + q = 3*m - 857, 428 = -q + 2*m. Let o = -190 - q. Calculate the highest common divisor of 30 and o.
30
Let l = 519 - 279. Calculate the greatest common factor of 504 and l.
24
Let s = -3434 - -3438. Let c(m) = -m**3 + m**2 + m + 44. Let v be c(0). Calculate the greatest common factor of s and v.
4
Suppose -3*c = 9, 3*c + 1053 = 5*m - 3*m. What is the highest common divisor of m and 36?
18
Let d be 345/9*(2 + 25/(-5)). Let y = d - -142. Calculate the highest common factor of y and 3.
3
Suppose 200 = 7*i - 2*i. What is the highest common factor of i and 110?
10
Suppose -219 = -2*m + 5*k, -55 = m - 5*k - 162. Suppose 4*r + 110 = 4*h + 3*r, -2*r = -4*h + m. Calculate the greatest common divisor of 108 and h.
27
Suppose 2*p + 3*y + 27 = 0, -4*y + 14 = -4*p - 10. Let j = 31 + p. What is the greatest common divisor of j and 2?
2
Let q = 54 - 40. Let v be (0/1)/((-18)/9). Let s(x) = x**3 - x**2 + x + 14. Let c be s(v). What is the greatest common divisor of q and c?
14
Suppose -3*a + 4*o + 544 = 0, 3*o - 8*o - 20 = 0. Calculate the greatest common factor of 22 and a.
22
Let a = -1081 - -1094. What is the greatest common factor of 559 and a?
13
Let u = 97 + 19. What is the greatest common factor of u and 29?
29
Let q be ((-21)/(-12))/(13/208). What is the highest common divisor of q and 308?
28
Let k = 54 + -26. What is the greatest common factor of k and 56?
28
Suppose g - 4*g - 4*o - 13 = 0, 0 = -3*o - 12. Let d = 2 + 0. Calculate the greatest common factor of d and g.
1
Let z = 26 - 14. Suppose z*q - 11*q = 38. Calculate the greatest common factor of 57 and q.
19
Let b be 10/4*440/5. Suppose -4*c = -3*c - 20. What is the highest common divisor of b and c?
20
Let g(h) = 9*h**2 + 2*h**3 + 4*h**3 - 1 - 6*h**2 - 8*h**3. Let v be g(-3). What is the greatest common divisor of v and 48?
16
Suppose j + 3*j = -2*a + 768, -2*j + 758 = 2*a. What is the highest common factor of 221 and a?
17
Let i = 818 + -427. What is the highest common divisor of 23 and i?
23
Suppose 18*q + 1196 = 3446. Calculate the greatest common divisor of q and 10.
5
Let j(z) = -18*z + 85. Let l be j(-13). Calculate the grea